)?
3
Let w(b) = -b + 8. Let h be w(7). Let p = 9 + h. Let l = p + 0. What are the prime factors of l?
2, 5
Let w be 2/(-10) - (-93)/15. Suppose -n + w = n. What are the prime factors of n?
3
Let b be (96/(-10))/(2/(-10)). Suppose 4*q = -0*q - b. List the prime factors of (-1)/(-2) - 162/q.
2, 7
Let g(d) = -20*d - 9. What are the prime factors of g(-8)?
151
Suppose 5*o - 1 = 24. Suppose o = 2*m - 51. List the prime factors of m.
2, 7
Let y = -24 + 52. List the prime factors of y.
2, 7
What are the prime factors of (-3 + 7 + -83)/(-1)?
79
Let s = 105 - 74. List the prime factors of s.
31
Let s(a) = -3*a - 1. Let r be 2 + (1 - (1 - 0)). Let v be -3 - (-2 + r - 2). List the prime factors of s(v).
2
Let n be 3 + (4 + -1)/3. Suppose 0*o + 33 = -4*o + v, o + 12 = n*v. What are the prime factors of (o/5)/(7/(-35))?
2
Let p(o) = 34*o**2 + 2*o + 1. What are the prime factors of p(-1)?
3, 11
Let b(z) = z**3 + 9*z**2 - 12*z - 15. Let d(x) = -x - 5. Suppose -4*k + 20 = -0*k. Let f be d(k). What are the prime factors of b(f)?
5
Suppose -3*s + 381 + 249 = 0. List the prime factors of s.
2, 3, 5, 7
Let o(m) = -15*m + 1 - m**3 - 1 + 14*m. Let p be o(2). Let z(g) = -g + 2. What are the prime factors of z(p)?
2, 3
Suppose 0 = 2*x - 3*p - 29, -3*x + 4*p = -0*p - 43. Let y = 13 - 4. Let k = x - y. List the prime factors of k.
2
Suppose 0 = -3*s + 4 + 155. Let d = s - 28. Let f = d + -13. List the prime factors of f.
2, 3
Suppose -5*v + 20 = 5*p, -3*p + 4*v = -9 - 10. Let c be 0 + p/1 - 1. Suppose -c*i + 36 = i + 4*h, -5*i - 5*h = -40. List the prime factors of i.
2
Suppose 5*k = 20, 0 = -0*a - 2*a - 4*k + 330. List the prime factors of a.
157
Let q be 1 - -58 - 2/2. Let n = q + -88. What are the prime factors of ((-2)/(-4))/((-3)/n)?
5
Suppose 2*u + 0*u + 83 = 3*f, -2*f - 2*u = -62. List the prime factors of f.
29
Suppose -104 + 269 = p. What are the prime factors of p?
3, 5, 11
Let b = -59 + 83. List the prime factors of b.
2, 3
Let o(t) be the second derivative of t**3/3 - 2*t. Suppose 4 + 5 = 3*x. What are the prime factors of o(x)?
2, 3
Let w be 50 + (1 - 0 - 1). Suppose -2*a - 6*g - w = -4*g, 2*a + 5*g = -65. Let t = a + 29. List the prime factors of t.
3
Suppose 2*t - 6 = b, -3*t + 19 = 4*b - 8*b. Let j(c) = -c**3 + 4*c**2 + 14*c + 4. Let v be j(6). Let d = v + b. What are the prime factors of d?
2, 3
Suppose p - 23 = -5*g + 15, -5*g + 32 = 4*p. Let y = g + -6. Suppose -y*b = -b - 5. What are the prime factors of b?
5
Suppose 0 = 3*b - 16 + 1. Suppose -q - 112 = -4*j + 3*q, -4*j = -b*q - 116. List the prime factors of j.
2, 3
Let i(v) = 2*v**2 + 26*v + 2. What are the prime factors of i(-20)?
2, 3, 47
What are the prime factors of 8/(-44) + (-468)/(-33)?
2, 7
Let z = 8 + -6. Suppose -1 + 7 = z*a. Suppose 2 + 22 = a*r. List the prime factors of r.
2
Let w = -58 + 88. What are the prime factors of w?
2, 3, 5
Let t(b) = 4*b + 5. Let h be t(-2). Suppose -2*g - 4*k = -0*g - 8, k = g - 13. Let c = g + h. What are the prime factors of c?
7
Let d(z) = z**2 - 6*z + 7. Let m be d(8). Suppose -i - 15 = 4*i, 2*u - 5*i = m. Suppose 32 = u*l - 0*l. List the prime factors of l.
2
Suppose 0 = 4*l - 9*v + 4*v - 335, -4*l + 332 = -4*v. What are the prime factors of l?
2, 5
Suppose -2*p + 5*l + 0 + 13 = 0, -3*l - 15 = -2*p. Suppose x = 2*v - 82, -p - 32 = -v + x. List the prime factors of v.
41
Suppose 0 = -3*a - 3*l + 60, -2*a + a - 5*l + 32 = 0. List the prime factors of a.
17
Let c = 30 + -3. Let x = c - 9. What are the prime factors of x?
2, 3
Let f(n) = -n**2 + n - 26. Let t be f(0). Let x = t + 48. List the prime factors of x.
2, 11
Let j(h) = -3*h**3 + 2*h**2 + 5*h - 2. Let v be j(3). Let p = v - -70. What are the prime factors of p?
2, 5
Suppose 0 = -4*h + j - 2 - 2, 4*h + 5*j - 20 = 0. Let w = 8 + -4. Suppose -w*i + 7 + 17 = h. What are the prime factors of i?
2, 3
Let l = 0 - -2. List the prime factors of ((-53)/l)/(8/(-16)).
53
Let b be (6/(-7))/(8/56). List the prime factors of 234/15 - b/15.
2
Suppose q = 3*q - 3*y - 651, 5*y = q - 329. What are the prime factors of q?
2, 3
Suppose 0 = 5*q - 0*w + 2*w + 4, 2*q + 5*w = -10. Suppose q = -0*y + 3*y - 6. Suppose -3*z = -2*n - 4, -4*n = -2*z - y - 6. List the prime factors of z.
2
Suppose 0 = -r + 3*r - 10. Suppose g - r = -p, -2*p - 20 = -5*p - 4*g. Suppose 2*d = -p*d + 38. List the prime factors of d.
19
Suppose 0 = -a + 180 - 60. List the prime factors of a.
2, 3, 5
Suppose -13 = 3*v - 2*g - 3, -2*g = -2*v - 8. Let u = 5 + -8. What are the prime factors of (v/u)/((-3)/(-9))?
2
Suppose -4*q + s - 3*s + 164 = 0, 5*s = 4*q - 178. What are the prime factors of q?
2, 3, 7
Let h = 503 + -343. What are the prime factors of h?
2, 5
Let l = 14 + -10. Let p be 93/2 + 2/l. Suppose -b + 3*b = 5*n - p, 2*n = b + 19. What are the prime factors of n?
3
List the prime factors of 5/(5/68) + 0.
2, 17
Let j(q) = 0 + 0*q**2 + 8*q**3 + 0 + q**2. List the prime factors of j(1).
3
Suppose -5*k = -k - 3*n + 16, -n + 8 = -4*k. Let j(v) = -3*v**3 - v**2. Let y be j(k). Suppose -y*f + 4*f - 20 = 0. List the prime factors of f.
2, 5
List the prime factors of 3*(-3 - (-160)/12).
31
Let y(x) = x**3 + 12*x**2 - 4*x + 15. List the prime factors of y(-12).
3, 7
Let p = 457 - 206. Suppose 0 = 4*a - p + 95. What are the prime factors of a?
3, 13
Suppose 4*d = 39 + 473. What are the prime factors of d?
2
Suppose -p = 5*s - 331, -2*s = 4*p - 1000 - 378. List the prime factors of p.
2, 173
Suppose 0 = -m - 3*f + 17, 5*m - 30 = -3*f + 7. Suppose m*j + 1 + 4 = 0. What are the prime factors of 13/((0 + j)*-1)?
13
Suppose -f = -2*x + 647, 0 = -x - 6*f + 2*f + 346. List the prime factors of x.
2, 163
Let g be 96/36*6/(-4). What are the prime factors of g/(3/((-15)/2))?
2, 5
Let p(v) = -10*v + 2. List the prime factors of p(-3).
2
Suppose -2*l + 4*w = -34 - 48, -4*w = -3*l + 129. List the prime factors of l.
47
Let x(m) = -m**3 + 7*m**2 - 6*m + 8. Let b be x(6). Let s be 0 - b/(0 + -2). Suppose -5*o - g + 4 = g, 5*o - 22 = s*g. What are the prime factors of o?
2
Let k(d) = -2*d - 2. Let l be 2/(-5) - 16/10. Let u be k(l). Suppose -5*g + a + 32 = 0, -a - 2 - u = -g. List the prime factors of g.
7
Let b be (1 - 1)/(-2) + 34. Suppose -b = -4*c - 2*k - 0*k, -3*k = -4*c + 59. List the prime factors of c.
11
Let m be ((-2)/(-4)*58)/1. Suppose -2*p - 84 = -6*p. Let s = m - p. List the prime factors of s.
2
Let g be (-1)/(-3) - 42/(-9). List the prime factors of 163/g + 8/20.
3, 11
Let r(s) = 4*s - 5. Let z be r(5). Let u = z + -10. What are the prime factors of u?
5
Suppose -2*j - 36 = 2*j. Let s(x) = -17*x**2. Let g be s(1). Let o = j - g. List the prime factors of o.
2
Suppose 15 = -5*w, 0 = -5*f + 2*f - w + 135. List the prime factors of f.
2, 23
Let b(w) = w**3 + 2*w**2 - 1. Let c be b(-1). What are the prime factors of 13 - (3/3 + c)?
2, 3
Let h = 1 - 5. Let r(s) = -s**2 - s - 1. Let y(q) = 2*q**2 + 2*q + 2. Let g(t) = 7*r(t) + 4*y(t). List the prime factors of g(h).
13
Let n = 10 + 61. What are the prime factors of n?
71
Let m = 9 + -4. Let h be 38/(-10) + (-1)/m. Let o = h + 8. List the prime factors of o.
2
Suppose 2*j - 2 + 8 = 0. Let d = j - -22. List the prime factors of d.
19
Let l(v) = v + 1. Let g be l(2). Suppose -y + g*y - 64 = 0. List the prime factors of y.
2
List the prime factors of (0/3 - 3) + 7.
2
Let r(t) = t**2 - 10*t + 6. Let a be r(11). Let z = a + -4. List the prime factors of z.
13
Let g(x) = -3*x**2 - 3. Let m(a) = -a**2 - 4. Let i(w) = 5*w**2 + 21. Let s(u) = -2*i(u) - 11*m(u). Let z(f) = -2*g(f) - 5*s(f). List the prime factors of z(3).
5
Let t be -21*(-2)/(-6)*-1. What are the prime factors of t + 8 + -1 + 1?
3, 5
Let u = 14 + -2. List the prime factors of 105/(-2)*u/(-15).
2, 3, 7
Suppose 6*s + 0*s = 342. List the prime factors of s.
3, 19
Let p be 3 + -2 - 64/(-2). Let g = -3 + p. What are the prime factors of g?
2, 3, 5
Let a be (6 - 4)*5/(-2). Let p(r) = -r. What are the prime factors of p(a)?
5
Let i(j) = 15*j + 4. Let k be i(3). Let z = k + -80. Let t = -21 - z. What are the prime factors of t?
2, 5
Let x(p) = -p**3 + 5*p**2 + 3*p - 5. Let q be x(5). Suppose q + 20 = -5*o. Let v = 3 - o. List the prime factors of v.
3
Let r(h) = -h + 1. Let q be r(-3). Suppose 5*j - q*t - 10 = 0, 0*t = 3*t. List the prime factors of j/(-5) 